{"id":1554,"date":"2022-11-28T16:19:54","date_gmt":"2022-11-28T15:19:54","guid":{"rendered":"https:\/\/assistereinfamiglia.org\/?page_id=1554"},"modified":"2023-07-10T11:35:16","modified_gmt":"2023-07-10T09:35:16","slug":"il-benessere-del-caregiver","status":"publish","type":"page","link":"https:\/\/assistereinfamiglia.ats-brianza.it\/?page_id=1554","title":{"rendered":"Il benessere del caregiver"},"content":{"rendered":"<style>.kb-row-layout-wrap.wp-block-kadence-rowlayout.kb-row-layout-id_7fdc8d-23{margin-top:0px;margin-bottom:0px;}.kb-row-layout-id_7fdc8d-23 > .kt-row-column-wrap{align-content:start;}:where(.kb-row-layout-id_7fdc8d-23 > .kt-row-column-wrap) > .wp-block-kadence-column{justify-content:start;}.kb-row-layout-id_7fdc8d-23 > .kt-row-column-wrap{column-gap:var(--global-kb-gap-md, 2rem);row-gap:var(--global-kb-gap-md, 2rem);max-width:var( --global-content-width, 1290px );padding-left:var(--global-content-edge-padding);padding-right:var(--global-content-edge-padding);padding-top:80px;padding-right:0px;padding-bottom:80px;padding-left:0px;grid-template-columns:minmax(0, 1fr);}.kb-row-layout-id_7fdc8d-23 > .kt-row-layout-overlay{opacity:0.30;}@media all and (max-width: 1024px){.kb-row-layout-id_7fdc8d-23 > .kt-row-column-wrap{padding-top:80px;padding-right:30px;padding-bottom:70px;padding-left:30px;grid-template-columns:minmax(0, 1fr);}}@media all and (max-width: 767px){.kb-row-layout-id_7fdc8d-23 > .kt-row-column-wrap{padding-top:50px;padding-right:15px;padding-bottom:60px;padding-left:15px;grid-template-columns:minmax(0, 1fr);}}<\/style><div class=\"kb-row-layout-wrap kb-row-layout-id_7fdc8d-23 alignnone wp-block-kadence-rowlayout\"><div class=\"kt-row-column-wrap kt-has-1-columns kt-row-layout-equal kt-tab-layout-inherit kt-mobile-layout-row kt-row-valign-top kb-theme-content-width\">\n<style>.kadence-column_c067e7-f9 > .kt-inside-inner-col{padding-top:0px;padding-right:0px;padding-bottom:0px;padding-left:0px;}.kadence-column_c067e7-f9 > .kt-inside-inner-col,.kadence-column_c067e7-f9 > .kt-inside-inner-col:before{border-top-left-radius:0px;border-top-right-radius:0px;border-bottom-right-radius:0px;border-bottom-left-radius:0px;}.kadence-column_c067e7-f9 > .kt-inside-inner-col{column-gap:var(--global-kb-gap-sm, 1rem);}.kadence-column_c067e7-f9 > .kt-inside-inner-col{flex-direction:column;}.kadence-column_c067e7-f9 > .kt-inside-inner-col > .aligncenter{width:100%;}.kadence-column_c067e7-f9 > .kt-inside-inner-col:before{opacity:0.3;}.kadence-column_c067e7-f9{position:relative;}.kadence-column_c067e7-f9, .kt-inside-inner-col > .kadence-column_c067e7-f9:not(.specificity){margin-top:0px;margin-right:0px;margin-bottom:0px;margin-left:0px;}@media all and (max-width: 1024px){.kadence-column_c067e7-f9 > .kt-inside-inner-col{flex-direction:column;justify-content:center;}}@media all and (max-width: 767px){.kadence-column_c067e7-f9 > .kt-inside-inner-col{flex-direction:column;justify-content:center;}.kadence-column_c067e7-f9, .kt-inside-inner-col > .kadence-column_c067e7-f9:not(.specificity){margin-top:0px;margin-right:0px;margin-bottom:0px;margin-left:0px;}}<\/style>\n<div class=\"wp-block-kadence-column kadence-column_c067e7-f9 inner-column-1\"><div class=\"kt-inside-inner-col\"><style>.kb-row-layout-wrap.wp-block-kadence-rowlayout.kb-row-layout-id_1488db-97{margin-top:50px;margin-bottom:0px;}.kb-row-layout-id_1488db-97 > .kt-row-column-wrap{align-content:start;}:where(.kb-row-layout-id_1488db-97 > .kt-row-column-wrap) > .wp-block-kadence-column{justify-content:start;}.kb-row-layout-id_1488db-97 > .kt-row-column-wrap{column-gap:var(--global-kb-gap-md, 2rem);row-gap:var(--global-kb-gap-md, 2rem);padding-top:0px;padding-right:0px;padding-bottom:0px;padding-left:0px;grid-template-columns:minmax(0, 1fr);}.kb-row-layout-id_1488db-97{border-top-left-radius:6px;border-top-right-radius:6px;border-bottom-right-radius:6px;border-bottom-left-radius:6px;overflow:clip;isolation:isolate;}.kb-row-layout-id_1488db-97 > .kt-row-layout-overlay{border-top-left-radius:6px;border-top-right-radius:6px;border-bottom-right-radius:6px;border-bottom-left-radius:6px;}.kb-row-layout-id_1488db-97 > .kt-row-layout-overlay{opacity:0.30;}@media all and (max-width: 1024px){.kb-row-layout-id_1488db-97 > .kt-row-column-wrap{grid-template-columns:minmax(0, 1fr);}}@media all and (max-width: 767px){.kb-row-layout-wrap.wp-block-kadence-rowlayout.kb-row-layout-id_1488db-97{margin-top:30px;margin-bottom:0px;}.kb-row-layout-id_1488db-97 > .kt-row-column-wrap{grid-template-columns:minmax(0, 1fr);}}<\/style><div class=\"kb-row-layout-wrap kb-row-layout-id_1488db-97 alignnone has-theme-palette9-background-color kt-row-has-bg wp-block-kadence-rowlayout\"><div class=\"kt-row-column-wrap kt-has-1-columns kt-row-layout-equal kt-tab-layout-inherit kt-mobile-layout-row kt-row-valign-top\">\n<style>.kadence-column_d8f71d-8b > .kt-inside-inner-col{padding-top:10px;padding-right:10px;padding-bottom:10px;padding-left:10px;}.kadence-column_d8f71d-8b > .kt-inside-inner-col,.kadence-column_d8f71d-8b > .kt-inside-inner-col:before{border-top-left-radius:0px;border-top-right-radius:0px;border-bottom-right-radius:0px;border-bottom-left-radius:0px;}.kadence-column_d8f71d-8b > .kt-inside-inner-col{column-gap:var(--global-kb-gap-sm, 1rem);}.kadence-column_d8f71d-8b > .kt-inside-inner-col{flex-direction:column;}.kadence-column_d8f71d-8b > .kt-inside-inner-col > .aligncenter{width:100%;}.kadence-column_d8f71d-8b > .kt-inside-inner-col:before{opacity:0.3;}.kadence-column_d8f71d-8b{position:relative;}@media all and (max-width: 1024px){.kadence-column_d8f71d-8b > .kt-inside-inner-col{flex-direction:column;justify-content:center;}}@media all and (max-width: 767px){.kadence-column_d8f71d-8b > .kt-inside-inner-col{flex-direction:column;justify-content:center;}}<\/style>\n<div class=\"wp-block-kadence-column kadence-column_d8f71d-8b inner-column-1\"><div class=\"kt-inside-inner-col\"><style>.wp-block-kadence-advancedheading.kt-adv-heading_e41bab-e9, .wp-block-kadence-advancedheading.kt-adv-heading_e41bab-e9[data-kb-block=\"kb-adv-heading_e41bab-e9\"]{margin-top:10px;margin-right:0px;margin-bottom:27px;margin-left:0px;font-size:34px;line-height:1em;font-style:normal;color:#285238;}.wp-block-kadence-advancedheading.kt-adv-heading_e41bab-e9 mark.kt-highlight, .wp-block-kadence-advancedheading.kt-adv-heading_e41bab-e9[data-kb-block=\"kb-adv-heading_e41bab-e9\"] mark.kt-highlight{font-style:normal;color:#f76a0c;-webkit-box-decoration-break:clone;box-decoration-break:clone;padding-top:0px;padding-right:0px;padding-bottom:0px;padding-left:0px;}.wp-block-kadence-advancedheading.kt-adv-heading_e41bab-e9 img.kb-inline-image, .wp-block-kadence-advancedheading.kt-adv-heading_e41bab-e9[data-kb-block=\"kb-adv-heading_e41bab-e9\"] img.kb-inline-image{width:150px;vertical-align:baseline;}@media all and (max-width: 1024px){.wp-block-kadence-advancedheading.kt-adv-heading_e41bab-e9, .wp-block-kadence-advancedheading.kt-adv-heading_e41bab-e9[data-kb-block=\"kb-adv-heading_e41bab-e9\"]{font-size:34px;line-height:1em;}}@media all and (max-width: 767px){.wp-block-kadence-advancedheading.kt-adv-heading_e41bab-e9, .wp-block-kadence-advancedheading.kt-adv-heading_e41bab-e9[data-kb-block=\"kb-adv-heading_e41bab-e9\"]{font-size:28px;line-height:1em;}}<\/style>\n<h2 class=\"kt-adv-heading_e41bab-e9 custom-h1 wp-block-kadence-advancedheading\" data-kb-block=\"kb-adv-heading_e41bab-e9\">Il benessere del caregiver<\/h2>\n\n\n\n<p>Per evitare di essere prosciugato fisicamente ed emozionalmente il caregiver deve prendersi cura di s\u00e9 stesso, salvaguardare la propria salute e sviluppare modi per far fronte alla situazione.<\/p>\n\n\n\n<p>Essere caregiver di una persona amata non deve far dimenticare la propria vita. Il caregiver pu\u00f2 ricoprire infatti meglio il proprio ruolo se dedica tempo ed <strong>attenzione ai propri bisogni personali<\/strong>: la sua salute \u00e8 di fondamentale importanza (se lui si ammala chi si prender\u00e0 cura dell\u2019assistito?)<\/p>\n\n\n\n<p>All\u2019interno del circolo di cura, meglio si sentono i caregiver, meglio essi si possono occupare della persona malata, e analogamente, meglio \u00e8 gestita e curata la persona malata, meno criticit\u00e0 dovr\u00e0 affrontare chi la assiste.<\/p>\n\n\n\n<p>\u00c8 importante mantenere un proprio spazio personale in cui coltivare attivit\u00e0 che piacciono e rigenerano (leggere un libro, vedere gli amici, guardare un film, suonare uno strumento, frequentare un corso). Pu\u00f2 non essere facile trovare il tempo per queste attivit\u00e0 ma il farle arreca benefici sia al caregiver che alla persona di cui ci si prende cura: soddisfare i propri bisogni rigenera, donando nuova energia e vigore per svolgere il ruolo di caregiver.<\/p>\n\n\n\n<p>Il caregiver si trova anche a dover mediare tra i propri bisogni, quelli della persona curata e, in molti casi, con quelli del resto della famiglia. Il rischio \u00e8 che gli spazi, l\u2019esigenza e i bisogni personali siano messi da parte. Infatti, i tempi della cura, pur essendo direttamente proporzionali alla gravit\u00e0 della malattia e al livello di non autosufficienza della persona assistita, occupano spesso buona parte delle 24 ore giornaliere. Occorrer\u00e0 quindi, per la salvaguardia della salute del caregiver, individuare dei <strong>momenti di tempo libero<\/strong> dall\u2019impegno assistenziale, tali da permettere una buona \u201cricarica\u201d.<\/p>\n\n\n\n<p>Di seguito alcuni accorgimenti importanti che ogni caregiver dovrebbe tenere sempre a mente:<\/p>\n\n\n\n<ul class=\"wp-block-list\">\n<li>Non permettere che la malattia del tuo caro sia costantemente al centro della tua attenzione;<\/li>\n\n\n\n<li>Rispettati e apprezzati. Stai svolgendo un compito molto impegnativo e hai diritto di trovare spazi e momenti di svago;<\/li>\n\n\n\n<li>Vigila sulla comparsa di segni di stanchezza e\/o tensione.<em> <\/em><\/li>\n<\/ul>\n<\/div><\/div>\n\n<\/div><\/div><\/div><\/div>\n\n<\/div><\/div>\n\n<style>.kb-row-layout-wrap.wp-block-kadence-rowlayout.kb-row-layout-id_e87ab2-4e{margin-top:0px;margin-bottom:0px;}.kb-row-layout-id_e87ab2-4e > .kt-row-column-wrap{align-content:start;}:where(.kb-row-layout-id_e87ab2-4e > .kt-row-column-wrap) > .wp-block-kadence-column{justify-content:start;}.kb-row-layout-id_e87ab2-4e > .kt-row-column-wrap{column-gap:var(--global-kb-gap-md, 2rem);row-gap:var(--global-kb-gap-md, 2rem);max-width:var( --global-content-width, 1290px );padding-left:var(--global-content-edge-padding);padding-right:var(--global-content-edge-padding);padding-top:20px;padding-right:0px;padding-bottom:17px;padding-left:0px;grid-template-columns:minmax(0, 1fr);}.kb-row-layout-id_e87ab2-4e{background-color:rgba(248,210,154,0.2);}.kb-row-layout-id_e87ab2-4e > .kt-row-layout-overlay{opacity:0.30;}@media all and (max-width: 1024px){.kb-row-layout-wrap.wp-block-kadence-rowlayout.kb-row-layout-id_e87ab2-4e{margin-top:0px;margin-bottom:0px;}}@media all and (max-width: 1024px){.kb-row-layout-id_e87ab2-4e > .kt-row-column-wrap{padding-top:70px;padding-right:0px;padding-bottom:40px;padding-left:0px;grid-template-columns:minmax(0, 1fr);}}@media all and (max-width: 767px){.kb-row-layout-id_e87ab2-4e > .kt-row-column-wrap{padding-top:60px;padding-right:10px;padding-bottom:30px;padding-left:10px;grid-template-columns:minmax(0, 1fr);}}<\/style><div class=\"kb-row-layout-wrap kb-row-layout-id_e87ab2-4e alignnone kt-row-has-bg wp-block-kadence-rowlayout\"><div class=\"kt-row-column-wrap kt-has-1-columns kt-row-layout-equal kt-tab-layout-inherit kt-mobile-layout-row kt-row-valign-top kb-theme-content-width\">\n<style>.kadence-column_a426cd-be > .kt-inside-inner-col{padding-top:10px;padding-right:10px;padding-bottom:10px;padding-left:10px;}.kadence-column_a426cd-be > .kt-inside-inner-col,.kadence-column_a426cd-be > .kt-inside-inner-col:before{border-top-left-radius:0px;border-top-right-radius:0px;border-bottom-right-radius:0px;border-bottom-left-radius:0px;}.kadence-column_a426cd-be > .kt-inside-inner-col{column-gap:var(--global-kb-gap-sm, 1rem);}.kadence-column_a426cd-be > .kt-inside-inner-col{flex-direction:column;}.kadence-column_a426cd-be > .kt-inside-inner-col > .aligncenter{width:100%;}.kadence-column_a426cd-be > .kt-inside-inner-col:before{opacity:0.3;}.kadence-column_a426cd-be{position:relative;}@media all and (max-width: 1024px){.kadence-column_a426cd-be > .kt-inside-inner-col{flex-direction:column;justify-content:center;}}@media all and (max-width: 767px){.kadence-column_a426cd-be > .kt-inside-inner-col{flex-direction:column;justify-content:center;}}<\/style>\n<div class=\"wp-block-kadence-column kadence-column_a426cd-be inner-column-1\"><div class=\"kt-inside-inner-col\"><style>.kb-row-layout-id_4c1ffa-63 > .kt-row-column-wrap{align-content:start;}:where(.kb-row-layout-id_4c1ffa-63 > .kt-row-column-wrap) > .wp-block-kadence-column{justify-content:start;}.kb-row-layout-id_4c1ffa-63 > .kt-row-column-wrap{column-gap:var(--global-kb-gap-md, 2rem);row-gap:var(--global-kb-gap-md, 2rem);max-width:var( --global-content-width, 1290px );padding-left:var(--global-content-edge-padding);padding-right:var(--global-content-edge-padding);padding-top:0px;padding-right:0px;padding-bottom:0px;padding-left:0px;grid-template-columns:minmax(0, 1fr);}.kb-row-layout-id_4c1ffa-63 > .kt-row-layout-overlay{opacity:0.30;}@media all and (max-width: 1024px){.kb-row-layout-id_4c1ffa-63 > .kt-row-column-wrap{grid-template-columns:minmax(0, 1fr);}}@media all and (max-width: 767px){.kb-row-layout-id_4c1ffa-63 > .kt-row-column-wrap{grid-template-columns:minmax(0, 1fr);}}<\/style><div class=\"kb-row-layout-wrap kb-row-layout-id_4c1ffa-63 alignnone wp-block-kadence-rowlayout\"><div class=\"kt-row-column-wrap kt-has-1-columns kt-row-layout-equal kt-tab-layout-inherit kt-mobile-layout-row kt-row-valign-top kb-theme-content-width\">\n<style>.kadence-column_459f7b-d7 > .kt-inside-inner-col{padding-top:10px;padding-right:10px;padding-bottom:10px;padding-left:10px;}.kadence-column_459f7b-d7 > .kt-inside-inner-col,.kadence-column_459f7b-d7 > .kt-inside-inner-col:before{border-top-left-radius:0px;border-top-right-radius:0px;border-bottom-right-radius:0px;border-bottom-left-radius:0px;}.kadence-column_459f7b-d7 > .kt-inside-inner-col{column-gap:var(--global-kb-gap-sm, 1rem);}.kadence-column_459f7b-d7 > .kt-inside-inner-col{flex-direction:column;}.kadence-column_459f7b-d7 > .kt-inside-inner-col > .aligncenter{width:100%;}.kadence-column_459f7b-d7 > .kt-inside-inner-col:before{opacity:0.3;}.kadence-column_459f7b-d7{position:relative;}@media all and (max-width: 1024px){.kadence-column_459f7b-d7 > .kt-inside-inner-col{flex-direction:column;justify-content:center;}}@media all and (max-width: 767px){.kadence-column_459f7b-d7 > .kt-inside-inner-col{flex-direction:column;justify-content:center;}}<\/style>\n<div class=\"wp-block-kadence-column kadence-column_459f7b-d7 inner-column-1\"><div class=\"kt-inside-inner-col\"><style>.wp-block-kadence-advancedheading.kt-adv-heading_9cf8fc-00, .wp-block-kadence-advancedheading.kt-adv-heading_9cf8fc-00[data-kb-block=\"kb-adv-heading_9cf8fc-00\"]{font-size:14px;font-weight:700;font-style:normal;font-family:Raleway;text-transform:uppercase;color:#47b66d;}.wp-block-kadence-advancedheading.kt-adv-heading_9cf8fc-00 mark.kt-highlight, .wp-block-kadence-advancedheading.kt-adv-heading_9cf8fc-00[data-kb-block=\"kb-adv-heading_9cf8fc-00\"] mark.kt-highlight{font-style:normal;color:#47b66d;text-transform:capitalize;-webkit-box-decoration-break:clone;box-decoration-break:clone;padding-top:0px;padding-right:0px;padding-bottom:0px;padding-left:0px;}.wp-block-kadence-advancedheading.kt-adv-heading_9cf8fc-00 img.kb-inline-image, .wp-block-kadence-advancedheading.kt-adv-heading_9cf8fc-00[data-kb-block=\"kb-adv-heading_9cf8fc-00\"] img.kb-inline-image{width:150px;vertical-align:baseline;}<\/style>\n<p class=\"kt-adv-heading_9cf8fc-00 wp-block-kadence-advancedheading\" data-kb-block=\"kb-adv-heading_9cf8fc-00\">Potrebbe interessarti<\/p>\n\n\n<style>.wp-block-kadence-advancedheading.kt-adv-heading_f8853c-fa, .wp-block-kadence-advancedheading.kt-adv-heading_f8853c-fa[data-kb-block=\"kb-adv-heading_f8853c-fa\"]{margin-top:0px;margin-right:0px;margin-bottom:37px;margin-left:0px;text-align:left;font-size:32px;line-height:1em;font-weight:700;font-style:normal;font-family:Raleway;color:#103d57;}.wp-block-kadence-advancedheading.kt-adv-heading_f8853c-fa mark.kt-highlight, .wp-block-kadence-advancedheading.kt-adv-heading_f8853c-fa[data-kb-block=\"kb-adv-heading_f8853c-fa\"] mark.kt-highlight{font-style:normal;color:#f76a0c;-webkit-box-decoration-break:clone;box-decoration-break:clone;padding-top:0px;padding-right:0px;padding-bottom:0px;padding-left:0px;}.wp-block-kadence-advancedheading.kt-adv-heading_f8853c-fa img.kb-inline-image, .wp-block-kadence-advancedheading.kt-adv-heading_f8853c-fa[data-kb-block=\"kb-adv-heading_f8853c-fa\"] img.kb-inline-image{width:150px;vertical-align:baseline;}<\/style>\n<h2 class=\"kt-adv-heading_f8853c-fa wp-block-kadence-advancedheading\" data-kb-block=\"kb-adv-heading_f8853c-fa\">Articoli correlati<\/h2>\n\n\n<style>.wp-block-kadence-advancedheading.kt-adv-heading_bf58ee-fe, .wp-block-kadence-advancedheading.kt-adv-heading_bf58ee-fe[data-kb-block=\"kb-adv-heading_bf58ee-fe\"]{margin-top:-10px;margin-right:0px;margin-bottom:0px;margin-left:0px;text-align:left;font-size:18px;font-weight:400;font-style:normal;font-family:Raleway;}.wp-block-kadence-advancedheading.kt-adv-heading_bf58ee-fe mark.kt-highlight, .wp-block-kadence-advancedheading.kt-adv-heading_bf58ee-fe[data-kb-block=\"kb-adv-heading_bf58ee-fe\"] mark.kt-highlight{font-style:normal;color:#f76a0c;-webkit-box-decoration-break:clone;box-decoration-break:clone;padding-top:0px;padding-right:0px;padding-bottom:0px;padding-left:0px;}.wp-block-kadence-advancedheading.kt-adv-heading_bf58ee-fe img.kb-inline-image, .wp-block-kadence-advancedheading.kt-adv-heading_bf58ee-fe[data-kb-block=\"kb-adv-heading_bf58ee-fe\"] img.kb-inline-image{width:150px;vertical-align:baseline;}<\/style>\n<p class=\"kt-adv-heading_bf58ee-fe wp-block-kadence-advancedheading\" data-kb-block=\"kb-adv-heading_bf58ee-fe\">Una collezione di contenuti utili<\/p>\n\n\n\n<div class=\"wp-block-buttons is-layout-flex wp-block-buttons-is-layout-flex\"><\/div>\n\n\n\n<div class=\"info-box__container\" style=\"display: flex; justify-content: space-around; padding: 0 65px; min-height: 270px; margin: 68px 0;\">\n\n    <div class=\"info-box__item\" style=\"border-left: 1px solid #EFEFEF; padding: 0 100px 0 32px; display: flex; flex-direction: column; justify-content: flex-start; align-items: flex-start;\">\n        <img decoding=\"async\" src=\"\/wp-content\/uploads\/2022\/12\/Large-Icon-Squarearticolo.png\" alt=\"sezione video\">\n        <h4 class=\"info-box__item--title\" style=\"font-family: 'Raleway'; font-size: 24px; font-weight: 700\">Chi \u00e8 il caregiver<\/h4>\n        <div class=\"info-box__item--link\" style=\"font-family: 'Raleway'; font-size: 14px; font-weight: 600; text-transform: uppercase;\">\n            <a class=\"info-box--link link-text\" style=\"color: #000000; text-decoration: none; height: 40px;\" href=\"\/?page_id=1549\">Scopri di pi\u00f9<\/a>\n        <\/div>\n    <\/div>\n\t<div class=\"info-box__item\" style=\"border-left: 1px solid #EFEFEF; padding: 0 100px 0 32px; display: flex; flex-direction: column; justify-content: flex-start; align-items: flex-start;\">\n        <img decoding=\"async\" src=\"\/wp-content\/uploads\/2022\/12\/Large-Icon-Squarearticolo.png\" alt=\"sezione video\">\n        <h4 class=\"info-box__item--title\" style=\"font-family: 'Raleway'; font-size: 24px; font-weight: 700\">Giovani caregiver<\/h4>\n        <div class=\"info-box__item--link\" style=\"font-family: 'Raleway'; font-size: 14px; font-weight: 600; text-transform: uppercase;\">\n            <a class=\"info-box--link link-text\" style=\"color: #000000; text-decoration: none; height: 40px;\" href=\"\/?page_id=3078\">Scopri di pi\u00f9<\/a>\n        <\/div>\n    <\/div>\n<div class=\"info-box__item\" style=\"border-left: 1px solid #EFEFEF; padding: 0 100px 0 32px; display: flex; flex-direction: column; justify-content: flex-start; align-items: flex-start;\">\n        <img decoding=\"async\" src=\"\/wp-content\/uploads\/2022\/12\/Large-Icon-Squarearticolo.png\" alt=\"sezione video\">\n        <h4 class=\"info-box__item--title\" style=\"font-family: 'Raleway'; font-size: 24px; font-weight: 700\">Gruppo auto mutuo aiuto<\/h4>\n        <div class=\"info-box__item--link\" style=\"font-family: 'Raleway'; font-size: 14px; font-weight: 600; text-transform: uppercase;\">\n            <a class=\"info-box--link link-text\" style=\"color: #000000; text-decoration: none; height: 40px;\" href=\"\/wp-content\/uploads\/2023\/05\/Gruppi-AMA.pdf\" download=\"\">Scarica il documento<\/a>\n        <\/div>\n    <\/div>\n<\/div>\n<\/div><\/div>\n\n<\/div><\/div><\/div><\/div>\n\n<\/div><\/div>","protected":false},"excerpt":{"rendered":"<p>Il benessere del caregiver Per evitare di essere prosciugato fisicamente ed emozionalmente il caregiver deve prendersi cura di s\u00e9 stesso, salvaguardare la propria salute e sviluppare modi per far fronte alla situazione. Essere caregiver di una persona amata non deve far dimenticare la propria vita. Il caregiver pu\u00f2 ricoprire infatti meglio il proprio ruolo se&#8230;<\/p>\n","protected":false},"author":2,"featured_media":0,"parent":0,"menu_order":0,"comment_status":"closed","ping_status":"closed","template":"","meta":{"_kad_post_transparent":"","_kad_post_title":"","_kad_post_layout":"","_kad_post_sidebar_id":"","_kad_post_content_style":"","_kad_post_vertical_padding":"","_kad_post_feature":"","_kad_post_feature_position":"","_kad_post_header":false,"_kad_post_footer":false,"_kad_post_classname":"","iawp_total_views":468,"footnotes":""},"class_list":["post-1554","page","type-page","status-publish","hentry"],"_links":{"self":[{"href":"https:\/\/assistereinfamiglia.ats-brianza.it\/index.php?rest_route=\/wp\/v2\/pages\/1554","targetHints":{"allow":["GET"]}}],"collection":[{"href":"https:\/\/assistereinfamiglia.ats-brianza.it\/index.php?rest_route=\/wp\/v2\/pages"}],"about":[{"href":"https:\/\/assistereinfamiglia.ats-brianza.it\/index.php?rest_route=\/wp\/v2\/types\/page"}],"author":[{"embeddable":true,"href":"https:\/\/assistereinfamiglia.ats-brianza.it\/index.php?rest_route=\/wp\/v2\/users\/2"}],"replies":[{"embeddable":true,"href":"https:\/\/assistereinfamiglia.ats-brianza.it\/index.php?rest_route=%2Fwp%2Fv2%2Fcomments&post=1554"}],"version-history":[{"count":15,"href":"https:\/\/assistereinfamiglia.ats-brianza.it\/index.php?rest_route=\/wp\/v2\/pages\/1554\/revisions"}],"predecessor-version":[{"id":3090,"href":"https:\/\/assistereinfamiglia.ats-brianza.it\/index.php?rest_route=\/wp\/v2\/pages\/1554\/revisions\/3090"}],"wp:attachment":[{"href":"https:\/\/assistereinfamiglia.ats-brianza.it\/index.php?rest_route=%2Fwp%2Fv2%2Fmedia&parent=1554"}],"curies":[{"name":"wp","href":"https:\/\/api.w.org\/{rel}","templated":true}]}}