{"id":2561,"date":"2022-12-19T13:08:14","date_gmt":"2022-12-19T12:08:14","guid":{"rendered":"https:\/\/assistereinfamiglia.org\/?page_id=2561"},"modified":"2022-12-19T13:40:09","modified_gmt":"2022-12-19T12:40:09","slug":"il-fine-vita","status":"publish","type":"page","link":"https:\/\/assistereinfamiglia.ats-brianza.it\/?page_id=2561","title":{"rendered":"Il fine vita"},"content":{"rendered":"<style>#kt-layout-id_7fdc8d-23{margin-top:0px;margin-bottom:0px;}#kt-layout-id_7fdc8d-23 > .kt-row-column-wrap{align-content:start;}:where(#kt-layout-id_7fdc8d-23 > .kt-row-column-wrap) > .wp-block-kadence-column{justify-content:start;}#kt-layout-id_7fdc8d-23 > .kt-row-column-wrap{column-gap:var(--global-kb-gap-md, 2rem);row-gap:var(--global-kb-gap-md, 2rem);max-width:var( --global-content-width, 1290px );padding-left:var(--global-content-edge-padding);padding-right:var(--global-content-edge-padding);padding-top:var( --global-kb-row-default-top, 25px );padding-bottom:var( --global-kb-row-default-bottom, 25px );padding-top:80px;padding-bottom:81px;padding-left:0px;padding-right:0px;grid-template-columns:minmax(0, 1fr);}#kt-layout-id_7fdc8d-23 > .kt-row-layout-overlay{opacity:0.30;}@media all and (max-width: 1024px){#kt-layout-id_7fdc8d-23 > .kt-row-column-wrap{padding-top:80px;padding-right:30px;padding-bottom:70px;padding-left:30px;grid-template-columns:minmax(0, 1fr);}}@media all and (max-width: 767px){#kt-layout-id_7fdc8d-23 > .kt-row-column-wrap{padding-top:50px;padding-bottom:60px;padding-left:15px;padding-right:15px;grid-template-columns:minmax(0, 1fr);}}<\/style>\n<div class=\"wp-block-kadence-rowlayout alignnone\"><div id=\"kt-layout-id_7fdc8d-23\" class=\"kt-row-layout-inner kt-layout-id_7fdc8d-23\"><div class=\"kt-row-column-wrap kt-has-1-columns kt-gutter-default kt-v-gutter-default kt-row-valign-top kt-row-layout-equal kt-tab-layout-inherit kt-m-colapse-left-to-right kt-mobile-layout-row kb-theme-content-width\"><style>.kadence-column_c067e7-f9 > .kt-inside-inner-col{padding-top:0px;padding-bottom:0px;padding-left:0px;padding-right:0px;}.kadence-column_c067e7-f9 > .kt-inside-inner-col{border-top-width:0px;border-right-width:0px;border-bottom-width:0px;border-left-width:0px;}.kadence-column_c067e7-f9 > .kt-inside-inner-col,.kadence-column_c067e7-f9 > .kt-inside-inner-col:before{border-top-left-radius:0px;border-top-right-radius:0px;border-bottom-right-radius:0px;border-bottom-left-radius:0px;}.kadence-column_c067e7-f9 > .kt-inside-inner-col{column-gap:var(--global-kb-gap-sm, 1rem);}.kadence-column_c067e7-f9 > .kt-inside-inner-col{flex-direction:column;}.kadence-column_c067e7-f9 > .kt-inside-inner-col > .aligncenter{width:100%;}.kadence-column_c067e7-f9 > .kt-inside-inner-col:before{opacity:0.3;}.kadence-column_c067e7-f9{position:relative;}.wp-block-kadence-column.kadence-column_c067e7-f9 > .kt-inside-inner-col{margin-top:0px;margin-bottom:0px;margin-right:0px;margin-left:0px;}@media all and (max-width: 1024px){.kadence-column_c067e7-f9 > .kt-inside-inner-col{flex-direction:column;justify-content:center;}}@media all and (max-width: 767px){.kadence-column_c067e7-f9 > .kt-inside-inner-col{flex-direction:column;justify-content:center;}.wp-block-kadence-column.kadence-column_c067e7-f9 > .kt-inside-inner-col{margin-top:0px;margin-bottom:0px;margin-right:0px;margin-left:0px;}}<\/style>\n<div class=\"wp-block-kadence-column inner-column-1 kadence-column_c067e7-f9\"><div class=\"kt-inside-inner-col\"><style>#kt-layout-id_1488db-97{margin-top:50px;margin-bottom:0px;}#kt-layout-id_1488db-97 > .kt-row-column-wrap{align-content:start;}:where(#kt-layout-id_1488db-97 > .kt-row-column-wrap) > .wp-block-kadence-column{justify-content:start;}#kt-layout-id_1488db-97 > .kt-row-column-wrap{column-gap:var(--global-kb-gap-md, 2rem);row-gap:var(--global-kb-gap-md, 2rem);padding-top:var( --global-kb-row-default-top, 25px );padding-bottom:var( --global-kb-row-default-bottom, 25px );padding-top:0px;padding-bottom:0px;padding-left:0px;padding-right:0px;grid-template-columns:minmax(0, 1fr);}#kt-layout-id_1488db-97{border-top-left-radius:6px;border-top-right-radius:6px;border-bottom-right-radius:6px;border-bottom-left-radius:6px;overflow:clip;isolation:isolate;}#kt-layout-id_1488db-97 > .kt-row-layout-overlay{border-top-left-radius:6px;border-top-right-radius:6px;border-bottom-right-radius:6px;border-bottom-left-radius:6px;}#kt-layout-id_1488db-97 > .kt-row-layout-overlay{opacity:0.30;}@media all and (max-width: 1024px){#kt-layout-id_1488db-97 > .kt-row-column-wrap{grid-template-columns:minmax(0, 1fr);}}@media all and (max-width: 767px){#kt-layout-id_1488db-97{margin-top:30px;margin-bottom:0px;}#kt-layout-id_1488db-97 > .kt-row-column-wrap{grid-template-columns:minmax(0, 1fr);}}<\/style>\n<div class=\"wp-block-kadence-rowlayout alignnone\"><div id=\"kt-layout-id_1488db-97\" class=\"kt-row-layout-inner kt-row-has-bg kt-layout-id_1488db-97 has-theme-palette-9-background-color\"><div class=\"kt-row-column-wrap kt-has-1-columns kt-gutter-default kt-v-gutter-default kt-row-valign-top kt-row-layout-equal kt-tab-layout-inherit kt-m-colapse-left-to-right kt-mobile-layout-row\"><style>.kadence-column_d8f71d-8b > .kt-inside-inner-col{padding-top:10px;padding-bottom:10px;padding-left:10px;padding-right:10px;}.kadence-column_d8f71d-8b > .kt-inside-inner-col{border-top-width:0px;border-right-width:0px;border-bottom-width:0px;border-left-width:0px;}.kadence-column_d8f71d-8b > .kt-inside-inner-col,.kadence-column_d8f71d-8b > .kt-inside-inner-col:before{border-top-left-radius:0px;border-top-right-radius:0px;border-bottom-right-radius:0px;border-bottom-left-radius:0px;}.kadence-column_d8f71d-8b > .kt-inside-inner-col{column-gap:var(--global-kb-gap-sm, 1rem);}.kadence-column_d8f71d-8b > .kt-inside-inner-col{flex-direction:column;}.kadence-column_d8f71d-8b > .kt-inside-inner-col > .aligncenter{width:100%;}.kadence-column_d8f71d-8b > .kt-inside-inner-col:before{opacity:0.3;}.kadence-column_d8f71d-8b{position:relative;}@media all and (max-width: 1024px){.kadence-column_d8f71d-8b > .kt-inside-inner-col{flex-direction:column;justify-content:center;}}@media all and (max-width: 767px){.kadence-column_d8f71d-8b > .kt-inside-inner-col{flex-direction:column;justify-content:center;}}<\/style>\n<div class=\"wp-block-kadence-column inner-column-1 kadence-column_d8f71d-8b\"><div class=\"kt-inside-inner-col\"><style>.wp-block-kadence-advancedheading.kt-adv-heading_e41bab-e9, .wp-block-kadence-advancedheading.kt-adv-heading_e41bab-e9[data-kb-block=\"kb-adv-heading_e41bab-e9\"]{margin-top:10px;margin-right:0px;margin-bottom:27px;margin-left:0px;font-size:40px;line-height:1em;font-style:normal;color:#285238;}.wp-block-kadence-advancedheading.kt-adv-heading_e41bab-e9 mark.kt-highlight, .wp-block-kadence-advancedheading.kt-adv-heading_e41bab-e9[data-kb-block=\"kb-adv-heading_e41bab-e9\"] mark.kt-highlight{font-style:normal;color:#f76a0c;-webkit-box-decoration-break:clone;box-decoration-break:clone;padding-top:0px;padding-right:0px;padding-bottom:0px;padding-left:0px;}.wp-block-kadence-advancedheading.kt-adv-heading_e41bab-e9 img.kb-inline-image, .wp-block-kadence-advancedheading.kt-adv-heading_e41bab-e9[data-kb-block=\"kb-adv-heading_e41bab-e9\"] img.kb-inline-image{width:150px;vertical-align:baseline;}@media all and (max-width: 1024px){.wp-block-kadence-advancedheading.kt-adv-heading_e41bab-e9, .wp-block-kadence-advancedheading.kt-adv-heading_e41bab-e9[data-kb-block=\"kb-adv-heading_e41bab-e9\"]{font-size:34px;line-height:1em;}}@media all and (max-width: 767px){.wp-block-kadence-advancedheading.kt-adv-heading_e41bab-e9, .wp-block-kadence-advancedheading.kt-adv-heading_e41bab-e9[data-kb-block=\"kb-adv-heading_e41bab-e9\"]{font-size:28px;line-height:1em;}}<\/style>\n<h1 class=\"kt-adv-heading_e41bab-e9 custom-h1 wp-block-kadence-advancedheading\" data-kb-block=\"kb-adv-heading_e41bab-e9\">Il fine vita<\/h1>\n\n\n\n<p>Consentire ad una persona di lasciarci senza creare in lui un senso di colpa o di inadeguatezza \u00e8 il pi\u00f9 gran- de regalo d\u2019addio che si possa offrire al nostro caro in punto di morte. Dire addio \u00e8 sicuramente doloroso. Il commiato potr\u00e0 essere ripetuto diverse volte in diversi modi. Sentire le vostre parole, avere la vostra benedizione, crea un fondamento di fiducia che fa s\u00ec che il vostro caro possa sentirsi sicuro nell\u2019andarsene.<\/p>\n\n\n\n<h3 class=\"wp-block-heading\">Affrontare le questioni importanti<\/h3>\n\n\n\n<p>Chi sa che la propria esistenza sta volgendo al termine riflette sulla propria vita ed in ci\u00f2 non deve sentirsi solo. <br>\u00c8 benefico per la persona che se ne sta andando poter parlare apertamente e serenamente delle questioni per lui importanti, che gli creano preoccupazione, ansia, tensione. Se ve la sentite, affrontate con il vostro caro le questioni per lui maggiormente significative:<\/p>\n\n\n\n<ul class=\"wp-block-list\">\n<li>cosa sente di dover ancora terminare<\/li>\n\n\n\n<li><span style=\"background-color: transparent; color: var(--global-palette4);\">cosa vuole che voi facciate per mettere in ordine i suoi affari personali <\/span><\/li>\n\n\n\n<li><span style=\"background-color: transparent; color: var(--global-palette4);\">se ci sono problemi da risolvere o questioni da affrontare<\/span><\/li>\n\n\n\n<li><span style=\"background-color: transparent; color: var(--global-palette4);\">cosa pensa della morte, cosa pensa succeda durante e dopo la morte<\/span><\/li>\n\n\n\n<li><span style=\"background-color: transparent; color: var(--global-palette4);\">cosa pu\u00f2 aiutarlo nei suoi sentimenti di paura o tristezza<\/span><\/li>\n\n\n\n<li><span style=\"background-color: transparent; color: var(--global-palette4);\">chi vuole che ci sia con lui durante il trapasso<\/span><\/li>\n\n\n\n<li>come vuole che siano celebrate le sue esequie.<\/li>\n<\/ul>\n\n\n\n<p>Le persone in fase terminale hanno bisogno di presenze positive e solide, che le incoraggino ad affrontare queste questioni, che ascoltino e forniscano supporto. Sebbene questi temi siano dolorosi ed impegnativi, l\u2019affrontarli in maniera serena contribuisce a sciogliere tensioni e favorisce la pace interiore.<\/p>\n\n\n\n<h3 class=\"wp-block-heading\">Accompagnare<\/h3>\n\n\n\n<p>Una morte prevista non \u00e8 un emergenza. Tener presente ci\u00f2 vi permetter\u00e0 di vivere al meglio il prezioso tempo che vi rimane da trascorrere con il vostro caro, fino all\u2019ultimo momento di vita. <br>Essere presenti fino alla fine \u00e8 molto importante. Per aiutare il vostro amato nel trapasso \u00e8 utile:<\/p>\n\n\n\n<ul class=\"wp-block-list\">\n<li>toccarlo, tenergli la mano, strofinargliela<\/li>\n\n\n\n<li>dirgli che lo amate e se lui non \u00e8 in grado di rispondere dirgli \u201cPenso che anche tu me ne voglia\u201d<\/li>\n\n\n\n<li>perdonarlo per le sue mancanze, comportamenti, parole. Se non \u00e8 in grado di rispondere dirgli \u201cE penso che anche tu perdonerai me\u201d<\/li>\n\n\n\n<li>parlare della vostra comune spiritualit\u00e0<\/li>\n\n\n\n<li>condividere con il vostro caro i vostri migliori ricordi con lui, dirgli perch\u00e9 lui \u00e8 importante per voi, esprimere la gratitudine che provate per lui<\/li>\n\n\n\n<li>dargli il permesso di andarsene.<\/li>\n<\/ul>\n<\/div><\/div>\n<\/div><\/div><\/div>\n<\/div><\/div>\n<\/div><\/div><\/div>\n\n\n<style>#kt-layout-id_4dc786-ac{margin-top:0px;margin-bottom:0px;}#kt-layout-id_4dc786-ac > .kt-row-column-wrap{align-content:start;}:where(#kt-layout-id_4dc786-ac > .kt-row-column-wrap) > .wp-block-kadence-column{justify-content:start;}#kt-layout-id_4dc786-ac > .kt-row-column-wrap{column-gap:var(--global-kb-gap-md, 2rem);row-gap:var(--global-kb-gap-md, 2rem);max-width:var( --global-content-width, 1290px );padding-left:var(--global-content-edge-padding);padding-right:var(--global-content-edge-padding);padding-top:var( --global-kb-row-default-top, 25px );padding-bottom:var( --global-kb-row-default-bottom, 25px );padding-top:20px;padding-bottom:17px;padding-left:0px;padding-right:0px;grid-template-columns:minmax(0, 1fr);}#kt-layout-id_4dc786-ac{background-color:rgba(248,210,154,0.2);}#kt-layout-id_4dc786-ac > .kt-row-layout-overlay{opacity:0.30;}@media all and (max-width: 1024px){#kt-layout-id_4dc786-ac{margin-top:0px;margin-bottom:0px;}}@media all and (max-width: 1024px){#kt-layout-id_4dc786-ac > .kt-row-column-wrap{padding-top:70px;padding-right:0px;padding-bottom:40px;padding-left:0px;grid-template-columns:minmax(0, 1fr);}}@media all and (max-width: 767px){#kt-layout-id_4dc786-ac > .kt-row-column-wrap{padding-top:60px;padding-bottom:30px;padding-left:10px;padding-right:10px;grid-template-columns:minmax(0, 1fr);}}<\/style>\n<div class=\"wp-block-kadence-rowlayout alignnone\"><div id=\"kt-layout-id_4dc786-ac\" class=\"kt-row-layout-inner kt-row-has-bg kt-layout-id_4dc786-ac\"><div class=\"kt-row-column-wrap kt-has-1-columns kt-gutter-default kt-v-gutter-default kt-row-valign-top kt-row-layout-equal kt-tab-layout-inherit kt-m-colapse-left-to-right kt-mobile-layout-row kb-theme-content-width\"><style>.kadence-column_6fc86b-b5 > .kt-inside-inner-col{padding-top:10px;padding-bottom:10px;padding-left:10px;padding-right:10px;}.kadence-column_6fc86b-b5 > .kt-inside-inner-col{border-top-width:0px;border-right-width:0px;border-bottom-width:0px;border-left-width:0px;}.kadence-column_6fc86b-b5 > .kt-inside-inner-col,.kadence-column_6fc86b-b5 > .kt-inside-inner-col:before{border-top-left-radius:0px;border-top-right-radius:0px;border-bottom-right-radius:0px;border-bottom-left-radius:0px;}.kadence-column_6fc86b-b5 > .kt-inside-inner-col{column-gap:var(--global-kb-gap-sm, 1rem);}.kadence-column_6fc86b-b5 > .kt-inside-inner-col{flex-direction:column;}.kadence-column_6fc86b-b5 > .kt-inside-inner-col > .aligncenter{width:100%;}.kadence-column_6fc86b-b5 > .kt-inside-inner-col:before{opacity:0.3;}.kadence-column_6fc86b-b5{position:relative;}@media all and (max-width: 1024px){.kadence-column_6fc86b-b5 > .kt-inside-inner-col{flex-direction:column;justify-content:center;}}@media all and (max-width: 767px){.kadence-column_6fc86b-b5 > .kt-inside-inner-col{flex-direction:column;justify-content:center;}}<\/style>\n<div class=\"wp-block-kadence-column inner-column-1 kadence-column_6fc86b-b5\"><div class=\"kt-inside-inner-col\"><style>#kt-layout-id_1ad769-78 > .kt-row-column-wrap{align-content:start;}:where(#kt-layout-id_1ad769-78 > .kt-row-column-wrap) > .wp-block-kadence-column{justify-content:start;}#kt-layout-id_1ad769-78 > .kt-row-column-wrap{column-gap:var(--global-kb-gap-md, 2rem);row-gap:var(--global-kb-gap-md, 2rem);max-width:var( --global-content-width, 1290px );padding-left:var(--global-content-edge-padding);padding-right:var(--global-content-edge-padding);padding-top:var( --global-kb-row-default-top, 25px );padding-bottom:var( --global-kb-row-default-bottom, 25px );padding-top:0px;padding-bottom:0px;padding-left:0px;padding-right:0px;grid-template-columns:minmax(0, 1fr);}#kt-layout-id_1ad769-78 > .kt-row-layout-overlay{opacity:0.30;}@media all and (max-width: 1024px){#kt-layout-id_1ad769-78 > .kt-row-column-wrap{grid-template-columns:minmax(0, 1fr);}}@media all and (max-width: 767px){#kt-layout-id_1ad769-78 > .kt-row-column-wrap{grid-template-columns:minmax(0, 1fr);}}<\/style>\n<div class=\"wp-block-kadence-rowlayout alignnone\"><div id=\"kt-layout-id_1ad769-78\" class=\"kt-row-layout-inner kt-layout-id_1ad769-78\"><div class=\"kt-row-column-wrap kt-has-1-columns kt-gutter-default kt-v-gutter-default kt-row-valign-top kt-row-layout-equal kt-tab-layout-inherit kt-m-colapse-left-to-right kt-mobile-layout-row kb-theme-content-width\"><style>.kadence-column_52cdf9-ff > .kt-inside-inner-col{padding-top:10px;padding-bottom:10px;padding-left:10px;padding-right:10px;}.kadence-column_52cdf9-ff > .kt-inside-inner-col{border-top-width:0px;border-right-width:0px;border-bottom-width:0px;border-left-width:0px;}.kadence-column_52cdf9-ff > .kt-inside-inner-col,.kadence-column_52cdf9-ff > .kt-inside-inner-col:before{border-top-left-radius:0px;border-top-right-radius:0px;border-bottom-right-radius:0px;border-bottom-left-radius:0px;}.kadence-column_52cdf9-ff > .kt-inside-inner-col{column-gap:var(--global-kb-gap-sm, 1rem);}.kadence-column_52cdf9-ff > .kt-inside-inner-col{flex-direction:column;}.kadence-column_52cdf9-ff > .kt-inside-inner-col > .aligncenter{width:100%;}.kadence-column_52cdf9-ff > .kt-inside-inner-col:before{opacity:0.3;}.kadence-column_52cdf9-ff{position:relative;}@media all and (max-width: 1024px){.kadence-column_52cdf9-ff > .kt-inside-inner-col{flex-direction:column;justify-content:center;}}@media all and (max-width: 767px){.kadence-column_52cdf9-ff > .kt-inside-inner-col{flex-direction:column;justify-content:center;}}<\/style>\n<div class=\"wp-block-kadence-column inner-column-1 kadence-column_52cdf9-ff\"><div class=\"kt-inside-inner-col\"><style>.wp-block-kadence-advancedheading.kt-adv-heading_b33546-27, .wp-block-kadence-advancedheading.kt-adv-heading_b33546-27[data-kb-block=\"kb-adv-heading_b33546-27\"]{font-size:14px;font-weight:700;font-style:normal;font-family:Raleway;text-transform:uppercase;color:#47b66d;}.wp-block-kadence-advancedheading.kt-adv-heading_b33546-27 mark.kt-highlight, .wp-block-kadence-advancedheading.kt-adv-heading_b33546-27[data-kb-block=\"kb-adv-heading_b33546-27\"] mark.kt-highlight{font-style:normal;color:#47b66d;text-transform:capitalize;-webkit-box-decoration-break:clone;box-decoration-break:clone;padding-top:0px;padding-right:0px;padding-bottom:0px;padding-left:0px;}.wp-block-kadence-advancedheading.kt-adv-heading_b33546-27 img.kb-inline-image, .wp-block-kadence-advancedheading.kt-adv-heading_b33546-27[data-kb-block=\"kb-adv-heading_b33546-27\"] img.kb-inline-image{width:150px;vertical-align:baseline;}<\/style>\n<p class=\"kt-adv-heading_b33546-27 wp-block-kadence-advancedheading\" data-kb-block=\"kb-adv-heading_b33546-27\">Potrebbe interessarti<\/p>\n\n\n<style>.wp-block-kadence-advancedheading.kt-adv-heading_995cef-2c, .wp-block-kadence-advancedheading.kt-adv-heading_995cef-2c[data-kb-block=\"kb-adv-heading_995cef-2c\"]{margin-top:0px;margin-right:0px;margin-bottom:37px;margin-left:0px;text-align:left;font-size:32px;line-height:1em;font-weight:700;font-style:normal;font-family:Raleway;color:#103d57;}.wp-block-kadence-advancedheading.kt-adv-heading_995cef-2c mark.kt-highlight, .wp-block-kadence-advancedheading.kt-adv-heading_995cef-2c[data-kb-block=\"kb-adv-heading_995cef-2c\"] mark.kt-highlight{font-style:normal;color:#f76a0c;-webkit-box-decoration-break:clone;box-decoration-break:clone;padding-top:0px;padding-right:0px;padding-bottom:0px;padding-left:0px;}.wp-block-kadence-advancedheading.kt-adv-heading_995cef-2c img.kb-inline-image, .wp-block-kadence-advancedheading.kt-adv-heading_995cef-2c[data-kb-block=\"kb-adv-heading_995cef-2c\"] img.kb-inline-image{width:150px;vertical-align:baseline;}<\/style>\n<h2 class=\"kt-adv-heading_995cef-2c wp-block-kadence-advancedheading\" data-kb-block=\"kb-adv-heading_995cef-2c\">Articoli correlati<\/h2>\n\n\n<style>.wp-block-kadence-advancedheading.kt-adv-heading_2f4e3b-be, .wp-block-kadence-advancedheading.kt-adv-heading_2f4e3b-be[data-kb-block=\"kb-adv-heading_2f4e3b-be\"]{margin-top:-10px;margin-right:0px;margin-bottom:0px;margin-left:0px;text-align:left;font-size:18px;font-weight:400;font-style:normal;font-family:Raleway;}.wp-block-kadence-advancedheading.kt-adv-heading_2f4e3b-be mark.kt-highlight, .wp-block-kadence-advancedheading.kt-adv-heading_2f4e3b-be[data-kb-block=\"kb-adv-heading_2f4e3b-be\"] mark.kt-highlight{font-style:normal;color:#f76a0c;-webkit-box-decoration-break:clone;box-decoration-break:clone;padding-top:0px;padding-right:0px;padding-bottom:0px;padding-left:0px;}.wp-block-kadence-advancedheading.kt-adv-heading_2f4e3b-be img.kb-inline-image, .wp-block-kadence-advancedheading.kt-adv-heading_2f4e3b-be[data-kb-block=\"kb-adv-heading_2f4e3b-be\"] img.kb-inline-image{width:150px;vertical-align:baseline;}<\/style>\n<p class=\"kt-adv-heading_2f4e3b-be wp-block-kadence-advancedheading\" data-kb-block=\"kb-adv-heading_2f4e3b-be\">Una collezione di contenuti utili<\/p>\n\n\n\n<div class=\"wp-block-buttons is-layout-flex wp-block-buttons-is-layout-flex\"><\/div>\n\n\n\n<div class=\"info-box__container\" style=\"display: flex; justify-content: space-around; padding: 0 65px; min-height: 270px; margin: 68px 0;\">\n\n    <div class=\"info-box__item\" style=\"border-left: 1px solid #EFEFEF; padding: 0 100px 0 32px; display: flex; flex-direction: column; justify-content: flex-start; align-items: flex-start;\">\n        <img decoding=\"async\" src=\"\/wp-content\/uploads\/2022\/12\/Large-Icon-Squarearticolo.png\" alt=\"sezione video\">\n        <h4 class=\"info-box__item--title\" style=\"font-family: 'Raleway'; font-size: 24px; font-weight: 700\">Le persone con emiplegia<\/h4>\n        <div class=\"info-box__item--link\" style=\"font-family: 'Raleway'; font-size: 14px; font-weight: 600; text-transform: uppercase;\">\n            <a class=\"info-box--link link-text\" style=\"color: #000000; text-decoration: none; height: 40px;\" href=\"\/?page_id=1713\">Scopri di pi\u00f9<\/a>\n        <\/div>\n    <\/div>\n\n<div class=\"info-box__item\" style=\"border-left: 1px solid #EFEFEF; padding: 0 100px 0 32px; display: flex; flex-direction: column; justify-content: flex-start; align-items: flex-start;\">\n        <img decoding=\"async\" src=\"\/wp-content\/uploads\/2022\/12\/Large-Icon-Squarearticolo.png\" alt=\"sezione video\">\n        <h4 class=\"info-box__item--title\" style=\"font-family: 'Raleway'; font-size: 24px; font-weight: 700\">L&#8217;igiene quotidiana<\/h4>\n        <div class=\"info-box__item--link\" style=\"font-family: 'Raleway'; font-size: 14px; font-weight: 600; text-transform: uppercase;\">\n            <a class=\"info-box--link link-text\" style=\"color: #000000; text-decoration: none; height: 40px;\" href=\"\/?page_id=1570\">Scopri di pi\u00f9<\/a>\n        <\/div>\n    <\/div>\n\n<div class=\"info-box__item\" style=\"border-left: 1px solid #EFEFEF; padding: 0 100px 0 32px; display: flex; flex-direction: column; justify-content: flex-start; align-items: flex-start;\">\n        <img decoding=\"async\" src=\"\/wp-content\/uploads\/2022\/12\/Large-Icon-Squarearticolo.png\" alt=\"sezione video\">\n        <h4 class=\"info-box__item--title\" style=\"font-family: 'Raleway'; font-size: 24px; font-weight: 700\">Il lavaggio delle mani<\/h4>\n        <div class=\"info-box__item--link\" style=\"font-family: 'Raleway'; font-size: 14px; font-weight: 600; text-transform: uppercase;\">\n            <a class=\"info-box--link link-text\" style=\"color: #000000; text-decoration: none; height: 40px;\" href=\"\/?page_id=1569\">Scopri di pi\u00f9<\/a>\n        <\/div>\n    <\/div>\n\n<\/div>\n<\/div><\/div>\n<\/div><\/div><\/div>\n<\/div><\/div>\n<\/div><\/div><\/div>\n","protected":false},"excerpt":{"rendered":"<p>Il fine vita Consentire ad una persona di lasciarci senza creare in lui un senso di colpa o di inadeguatezza \u00e8 il pi\u00f9 gran- de regalo d\u2019addio che si possa offrire al nostro caro in punto di morte. Dire addio \u00e8 sicuramente doloroso. Il commiato potr\u00e0 essere ripetuto diverse volte in diversi modi. Sentire le&#8230;<\/p>\n","protected":false},"author":2,"featured_media":0,"parent":0,"menu_order":0,"comment_status":"closed","ping_status":"closed","template":"","meta":{"_kad_post_transparent":"","_kad_post_title":"","_kad_post_layout":"","_kad_post_sidebar_id":"","_kad_post_content_style":"","_kad_post_vertical_padding":"","_kad_post_feature":"","_kad_post_feature_position":"","_kad_post_header":false,"_kad_post_footer":false,"_kad_post_classname":"","iawp_total_views":75,"footnotes":""},"class_list":["post-2561","page","type-page","status-publish","hentry"],"_links":{"self":[{"href":"https:\/\/assistereinfamiglia.ats-brianza.it\/index.php?rest_route=\/wp\/v2\/pages\/2561","targetHints":{"allow":["GET"]}}],"collection":[{"href":"https:\/\/assistereinfamiglia.ats-brianza.it\/index.php?rest_route=\/wp\/v2\/pages"}],"about":[{"href":"https:\/\/assistereinfamiglia.ats-brianza.it\/index.php?rest_route=\/wp\/v2\/types\/page"}],"author":[{"embeddable":true,"href":"https:\/\/assistereinfamiglia.ats-brianza.it\/index.php?rest_route=\/wp\/v2\/users\/2"}],"replies":[{"embeddable":true,"href":"https:\/\/assistereinfamiglia.ats-brianza.it\/index.php?rest_route=%2Fwp%2Fv2%2Fcomments&post=2561"}],"version-history":[{"count":6,"href":"https:\/\/assistereinfamiglia.ats-brianza.it\/index.php?rest_route=\/wp\/v2\/pages\/2561\/revisions"}],"predecessor-version":[{"id":2604,"href":"https:\/\/assistereinfamiglia.ats-brianza.it\/index.php?rest_route=\/wp\/v2\/pages\/2561\/revisions\/2604"}],"wp:attachment":[{"href":"https:\/\/assistereinfamiglia.ats-brianza.it\/index.php?rest_route=%2Fwp%2Fv2%2Fmedia&parent=2561"}],"curies":[{"name":"wp","href":"https:\/\/api.w.org\/{rel}","templated":true}]}}